te number?
True
Is 3041625479 a prime number?
True
Is 22655062873 prime?
False
Is 68129644997 a prime number?
True
Is 12004633427 a composite number?
True
Is 79397177 a prime number?
False
Is 2504461591 a composite number?
True
Is 24594904639 a composite number?
False
Is 19786957 a prime number?
False
Is 55079926259 prime?
True
Is 4205972755 a prime number?
False
Is 328427399 a composite number?
True
Is 3826028887 a composite number?
False
Is 1639746497 a composite number?
True
Is 1259516801 prime?
True
Is 1170224519 a prime number?
False
Is 16520041597 prime?
True
Is 4625603194 a prime number?
False
Is 101150488357 a prime number?
True
Is 13515801503 a composite number?
False
Is 3206447597 composite?
True
Is 2158199 a prime number?
False
Is 49305856823 a prime number?
False
Is 2162695849 composite?
False
Is 2660478043 a prime number?
False
Is 16616426051 composite?
False
Is 103401253 composite?
False
Is 11346649057 composite?
True
Is 558685853 prime?
False
Is 10084924327 prime?
True
Is 62344083133 composite?
False
Is 34132739665 a composite number?
True
Is 1229874955 composite?
True
Is 1147610249 prime?
True
Is 2546341541 a prime number?
False
Is 17598039341 composite?
False
Is 19391791109 a composite number?
True
Is 933859781 a composite number?
False
Is 820430789 a composite number?
False
Is 1360376533 prime?
False
Is 412045783 composite?
False
Is 973810139 a prime number?
True
Is 28609908169 a prime number?
False
Is 78322733 prime?
False
Is 4484806201 composite?
False
Is 5880627715 a prime number?
False
Is 1360683407 composite?
False
Is 201956981 composite?
True
Is 556047983603 composite?
True
Is 6570816073 prime?
False
Is 633135677 composite?
False
Is 604520387 composite?
False
Is 7564255969 composite?
True
Is 2354118287 a composite number?
True
Is 11875767331 a composite number?
False
Is 373632859 composite?
False
Is 10008225311 a prime number?
False
Is 1669631177 a composite number?
False
Is 20140803209 a composite number?
True
Is 34128448097 composite?
True
Is 453845017 composite?
True
Is 5991026653 composite?
False
Is 1277681927 prime?
True
Is 2029295063 composite?
True
Is 100456172257 prime?
False
Is 762221633 composite?
True
Is 255506327 prime?
False
Is 6851333611 prime?
True
Is 7881857161 a composite number?
True
Is 17396609011 composite?
True
Is 5035660783 a prime number?
True
Is 16002173 a prime number?
False
Is 20464153709 a prime number?
True
Is 4045772473 a prime number?
False
Is 6004203313 a composite number?
True
Is 631910311 a composite number?
False
Is 10860279577 prime?
False
Is 1855344653 composite?
False
Is 6927216169 a composite number?
True
Is 2102800483 a prime number?
False
Is 3777222319 prime?
False
Is 1462597033 a composite number?
True
Is 5235815423 prime?
True
Is 525427631 prime?
False
Is 13829476379 a prime number?
False
Is 166434353 composite?
False
Is 5694916089 prime?
False
Is 58935781 composite?
False
Is 517011931 a prime number?
False
Is 114044473 a composite number?
False
Is 18685438477 a composite number?
False
Is 284226581 a prime number?
False
Is 65009058371 composite?
True
Is 12477870149 a prime number?
False
Is 13830983 composite?
False
Is 2646181139 a prime number?
False
Is 81926633 composite?
True
Is 3667364801 composite?
False
Is 5851779443 composite?
False
Is 1169323967 a composite number?
True
Is 1100320769 prime?
False
Is 924336661 a prime number?
True
Is 401009454221 a prime number?
True
Is 39168238181 prime?
False
Is 181904834207 a composite number?
True
Is 3244788934 prime?
False
Is 4121056831 prime?
True
Is 355892281 prime?
True
Is 343289137 a prime number?
True
Is 22288963223 prime?
True
Is 595247119 prime?
True
Is 91530159297 a prime number?
False
Is 1738770139 composite?
True
Is 344390773 prime?
True
Is 5405990461 a prime number?
False
Is 1265928923 a prime number?
False
Is 179349314171 prime?
True
Is 2108510429 composite?
True
Is 3829569649 a composite number?
True
Is 13474964351 a composite number?
True
Is 2135453531 a prime number?
True
Is 1152893447 a composite number?
True
Is 96684683783 composite?
False
Is 5314694771 composite?
True
Is 443546783 a composite number?
False
Is 2492874577 composite?
True
Is 25854142871 a prime number?
True
Is 3682244977 composite?
True
Is 9225760399 a composite number?
False
Is 1212121619 composite?
True
Is 8027323501 a composite number?
False
Is 735772541 composite?
True
Is 88416053951 composite?
False
Is 37257656669 prime?
True
Is 1814803747 a composite number?
False
Is 6185502133 a composite number?
True
Is 5173705711 prime?
False
Is 194454288697 a prime number?
False
Is 7665852862 composite?
True
Is 132102259 composite?
True
Is 66928518689 composite?
True
Is 504670169 a prime number?
False
Is 1402246961 a composite number?
False
Is 6202722346 composite?
True
Is 1946189086 prime?
False
Is 794811298043 a prime number?
False
Is 6488602931 composite?
False
Is 86132113141 composite?
False
Is 1353763949 composite?
False
Is 58159373 prime?
False
Is 1503035267 a composite number?
False
Is 20105464009 composite?
True
Is 53347201 composite?
False
Is 968070259 prime?
False
Is 23551517287 a composite number?
True
Is 725880281 a composite number?
True
Is 392170619 composite?
False
Is 4730939351 a composite number?
False
Is 38341778471 a prime number?
False
Is 127862113 composite?
False
Is 12707541577 a prime number?
True
Is 163993891 composite?
True
Is 7552606889 composite?
False
Is 11075807 a prime number?
True
Is 4626233213 prime?
False
Is 12305003 composite?
False
Is 34079993 a prime number?
False
Is 990887171 a prime number?
True
Is 10647933487 a composite number?
True
Is 305576815 a prime number?
False
Is 932207327 a prime number?
True
Is 190532773 prime?
True
Is 5699081629 composite?
False
Is 8179247759 a prime number?
True
Is 358283447 composite?
False
Is 112507822943 a composite number?
False
Is 1871093339 a prime number?
True
Is 404351053 composite?
False
Is 3035596393 a prime number?
True
Is 46915610993 a prime number?
True
Is 636137609 a composite number?
True
Is 77822648237 composite?
False
Is 37606033583 composite?
True
Is 51234430161 prime?
False
Is 733591189 a prime number?
False
Is 118215737 a composite number?
False
Is 5090879123 composite?
True
Is 163222979 prime?
True
Is 11998855711 composite?
False
Is 9984374717 composite?
False
Is 1101111989 prime?
True
Is 280445894 composite?
True
Is 7961449621 prime?
True
Is 271872599851 composite?
False
Is 275926997 composite?
False
Is 71843159 composite?
True
Is 36072319 a prime number?
True
Is 2369605789 a prime number?
True
Is 117943848193 composite?
False
Is 115839334291 a composite number?
False
Is 6371891741 a composite number?
True
Is 2533811803 a composite number?
True
Is 31043807773 a composite number?
True
Is 2604432631 a prime number?
False
Is 3244254691 prime?
True
Is 622257781 composite?
False
Is 158984611385 prime?
False
Is 89750263 a composite number?
False
Is 26568162865 a composite number?
True
Is 1163672339 a composite number?
True
Is 176022037 a composite number?
True
Is 1008357719 composite?
False
Is 1400572763 composite?
True
Is 193361527 prime?
True
Is 16531576019 a composite number?
True
Is 2477291471 prime?
False
Is 7644745693 prime?
False
Is 134063710019 a composite number?
True
Is 2362396649 prime?
True
Is 2072414599 a composite number?
True
Is 50849489078 prime?
False
Is 5569542833 composite?
False
Is 134186287 a composite number?
True
Is 14463677441 a prime number?
False
Is 346980929 a composite number?
True
Is 25998630707 a composite number?
True
Is 108557225233 prime?
True
Is 20301412567 a composite number?
False
Is 932591893 prime?
False
Is 89201963509 composite?
False
Is 42149970013 a composite number?
False
Is 32579881 prime?
True
Is 124319573 a composite number?
True
Is 72073966381 a composite number?
False
Is 23910789743 prime?
True
Is 1971269753 a composite number?
True
Is 78670481 composite?
True
Is 22563390847 a composite number?
True
Is 1196551045 a composite number?
True
Is 29743580122 composite?
True
Is 3409904891 a composite number?
False
Is 2291280571 a prime number?
True
Is 7609417109 a prime number?
False
Is 3588881719 a composite number?
False
Is 15631394219 prime?
False
Is 597109841 composite?
False
Is 3407129353 prime?
True
Is 9057238523 prime?
False
I